{"id":2,"date":"2010-02-24T22:23:20","date_gmt":"2010-02-24T22:23:20","guid":{"rendered":"http:\/\/www.sportivistet.descult.com\/?page_id=2"},"modified":"2010-03-04T12:50:38","modified_gmt":"2010-03-04T10:50:38","slug":"about","status":"publish","type":"page","link":"https:\/\/www.sportivistet.descult.com\/?page_id=2","title":{"rendered":"Despre mine"},"content":{"rendered":"<p><a href=\"http:\/\/www.trilulilu.ro\/flaviuss15\/8d14d1ecb54c31\">C\u00c3\u00a2ntec de haiducie<\/a><\/p>\n<p><a href=\"http:\/\/www.trilulilu.ro\/flaviuss15\/8d14d1ecb54c31\"><\/a> M\u00c4\u0192muc\u00c4\u0192, iac\u00c4\u0192-t\u00c4\u0192-m\u00c4\u0192-s ! <span class=\"frame-outer  alignleft size-medium wp-image-34\"><span><span><span><span><a href=\"http:\/\/www.sportivistet.descult.com\/wp-content\/uploads\/2010\/02\/DSC000901.jpg\"><img loading=\"lazy\" class=\"alignleft size-medium wp-image-34\" title=\"melcul\" src=\"http:\/\/www.sportivistet.descult.com\/wp-content\/uploads\/2010\/02\/DSC000901-300x240.jpg\" alt=\"\" width=\"300\" height=\"240\" srcset=\"https:\/\/www.sportivistet.descult.com\/wp-content\/uploads\/2010\/02\/DSC000901-300x240.jpg 300w, https:\/\/www.sportivistet.descult.com\/wp-content\/uploads\/2010\/02\/DSC000901-1024x819.jpg 1024w, https:\/\/www.sportivistet.descult.com\/wp-content\/uploads\/2010\/02\/DSC000901.jpg 1280w\" sizes=\"(max-width: 300px) 100vw, 300px\" \/><\/a><\/span><\/span><\/span><\/span><\/span><\/p>\n<p>B\u00c4\u0192rbat, rom\u00c3\u00a2n, moldovean, cu ochii deschi\u00c5\u0178i \u00c5\u0178i cu poft\u00c4\u0192 de via\u00c5\u00a3\u00c4\u0192 !<\/p>\n","protected":false},"excerpt":{"rendered":"<p>C\u00c3\u00a2ntec de haiducie M\u00c4\u0192muc\u00c4\u0192, iac\u00c4\u0192-t\u00c4\u0192-m\u00c4\u0192-s ! B\u00c4\u0192rbat, rom\u00c3\u00a2n, moldovean, cu ochii deschi\u00c5\u0178i \u00c5\u0178i cu poft\u00c4\u0192 de via\u00c5\u00a3\u00c4\u0192 !<\/p>\n","protected":false},"author":1,"featured_media":0,"parent":0,"menu_order":0,"comment_status":"open","ping_status":"open","template":"","meta":[],"_links":{"self":[{"href":"https:\/\/www.sportivistet.descult.com\/index.php?rest_route=\/wp\/v2\/pages\/2"}],"collection":[{"href":"https:\/\/www.sportivistet.descult.com\/index.php?rest_route=\/wp\/v2\/pages"}],"about":[{"href":"https:\/\/www.sportivistet.descult.com\/index.php?rest_route=\/wp\/v2\/types\/page"}],"author":[{"embeddable":true,"href":"https:\/\/www.sportivistet.descult.com\/index.php?rest_route=\/wp\/v2\/users\/1"}],"replies":[{"embeddable":true,"href":"https:\/\/www.sportivistet.descult.com\/index.php?rest_route=%2Fwp%2Fv2%2Fcomments&post=2"}],"version-history":[{"count":0,"href":"https:\/\/www.sportivistet.descult.com\/index.php?rest_route=\/wp\/v2\/pages\/2\/revisions"}],"wp:attachment":[{"href":"https:\/\/www.sportivistet.descult.com\/index.php?rest_route=%2Fwp%2Fv2%2Fmedia&parent=2"}],"curies":[{"name":"wp","href":"https:\/\/api.w.org\/{rel}","templated":true}]}}